 u.
12
Let b = -91 - -137. Let n be (2 - 2) + 4 - 0. Suppose -118 + 14 = -n*v - 4*r, -3*v + 5*r + b = 0. Calculate the greatest common factor of v and 2.
2
Let r = -40 - -65. Let i = r + -12. What is the greatest common factor of 65 and i?
13
Suppose -16 = -2*z - 10. Suppose -2*w - z*f + 127 = 0, -2*w = -3*f + 5*f - 122. Calculate the highest common factor of 7 and w.
7
Let l(y) = -2*y - 5. Suppose -m + 2 = 6. Let q be l(m). Suppose -q*n = -4 - 80. What is the highest common divisor of n and 70?
14
Suppose 6*l - 36 = 3*l. Let j be (-1 - 0)/(3/(-396)). What is the greatest common factor of l and j?
12
Let i(p) = 2*p - 8. Let l be i(6). Let t be ((-9)/6)/(l/(-8)). Calculate the highest common divisor of t and 33.
3
Let s(b) = b + 9. Let r be s(0). Let f = 23 + -14. What is the greatest common divisor of r and f?
9
Suppose 0 = -2*u + 2*s + 10, -2*u - 5*s = -u - 5. Suppose -v - 78 = -4*h + v, -u*v - 90 = -5*h. Calculate the highest common factor of 231 and h.
21
Let c(f) = 3*f**2 - 3*f - 2. Let k be c(-2). Suppose 0 = -3*h + 9 + 27. Let l = 140 - h. Calculate the highest common divisor of k and l.
16
Suppose -2*x + 8 = -4. Suppose -3*s + b = -14, -3*b - 8 = -5*s + 10. Calculate the greatest common factor of x and s.
6
Let o be (6/(-5))/((-2)/5). Let c be (o + 5 + -2)*-4. Let j = c - -44. Calculate the highest common factor of 80 and j.
20
Let d = 6 - 4. Suppose -2 - 6 = -d*v. What is the highest common divisor of 1 and v?
1
Suppose 12 - 3 = -3*z. Let t = z + 47. What is the highest common divisor of 4 and t?
4
Let v be (39 + -40)/(1/(-15)). What is the greatest common divisor of v and 45?
15
Suppose -6 = 37*y - 38*y. Calculate the highest common divisor of y and 66.
6
Let g = 102 + -54. Suppose 3*b + 3*i - g = 0, 2*i + 4 + 0 = 0. Let x = 40 + 158. What is the greatest common factor of x and b?
18
Let t(p) = -11*p - 14. Let b be t(-7). Calculate the greatest common divisor of 9 and b.
9
Let m = 16 + 0. Calculate the greatest common factor of m and 48.
16
Suppose c + 0*c = 67. Let p be c + 4 - (-1 + 2). Calculate the greatest common factor of p and 28.
14
Let v(k) = k**2 + 2*k - 3. Let l be v(4). Let w(p) = -p**2 + 25*p + 14. Let i be w(14). Calculate the greatest common factor of l and i.
21
Let m = 43 - 3. What is the greatest common divisor of m and 360?
40
Suppose -4*l - 51 = -3. Let w be (-3876)/(-16) - (-3)/l. Let c be ((-9)/6 + 2)*w. What is the greatest common divisor of c and 11?
11
Let z = -4 - 0. Suppose -8 = u - 1. Let p = z - u. What is the greatest common factor of p and 21?
3
Suppose o + o - 6 = 0. Let k be (4/o)/(2/6). Suppose 160 = -121*d + 126*d. What is the greatest common divisor of k and d?
4
Suppose 4 = 2*d - 4*l, -2*l + 0 - 2 = -3*d. Suppose -5*t = -c - 58, -2*c + d*c = 6. What is the greatest common factor of t and 110?
11
Suppose 0 = -0*b + 7*b - 70. Let x be (-6)/b - (-5136)/60. Calculate the greatest common divisor of x and 34.
17
Let r(y) = 5*y - 9. Let z(d) = 22*d**2 - 2*d - 1. Let s be z(-1). Suppose s = 3*f + 5. Let i be r(f). Calculate the highest common factor of i and 3.
3
Let q(b) = 3*b + 3. Let t be (-5)/1*(-1 - 0). Let i be q(t). Calculate the greatest common factor of i and 2.
2
Let s = 37 - 19. Suppose 0*j = 3*j - 12. Let h be (-8)/(-3)*s/j. What is the greatest common divisor of 3 and h?
3
Let l = -116 - -168. Calculate the greatest common divisor of 572 and l.
52
Let m = 167 - 161. Calculate the highest common factor of 42 and m.
6
Let g(a) = 11*a**2 + 2*a - 1. Let c be g(1). Calculate the greatest common factor of c and 12.
12
Let t = 55 + -7. Let k be (-256)/(-24)*3*1/2. What is the greatest common factor of t and k?
16
Let t be (0 + 1)*2 + 3. Suppose t*a = 4*y + 17, -4*y + 19 = 5*a - 14. Let x be 0 + 0/(-4) - -30. Calculate the greatest common factor of x and a.
5
Let c be (27/(-15))/(18/(-150)). Suppose 7*p = 4*p - 4*h + 184, 0 = 2*p + 5*h - 125. What is the highest common factor of c and p?
15
Let c(v) = 38*v - 41. Let u be c(6). Calculate the highest common factor of 17 and u.
17
Let q(t) = 14*t**2 + 7*t + 5. Let p be q(-2). What is the highest common divisor of p and 188?
47
Let y = -34 + 82. What is the greatest common divisor of 24 and y?
24
Suppose -5*k = -88 - 187. Suppose 4*a + 2*g - 24 = 7*g, 5*a + 4*g = 30. Suppose a*m - 30 = -0*m. What is the greatest common divisor of k and m?
5
Let a be (-309)/(-3 + 0) - -5. Calculate the greatest common divisor of 24 and a.
12
Let k = 54 + -29. Suppose -w + 4*w = 3*j + 21, -4*w + j + 25 = 0. Let y = w + -1. Calculate the highest common factor of y and k.
5
Suppose q + f - 93 = 0, -q = 3*f - 57 - 42. Calculate the highest common factor of 9 and q.
9
Let l(f) = -f**3 - 11*f**2 - 10*f + 2. Let j be l(-10). Calculate the greatest common factor of 14 and j.
2
Let r(u) = u - 1. Let f be r(1). Suppose f = -4*o + o - 75. Let l = o + 45. What is the greatest common divisor of 140 and l?
20
Suppose 7 - 1 = 3*f. Let w(m) = m**3 + m**2 + 2*m - 1. Let n be w(f). Calculate the highest common factor of 120 and n.
15
Let r(h) = 4*h**2 - 1. Let g be r(-1). Suppose 0 = g*f - f - 8. Suppose f*o - 195 = 141. Calculate the highest common divisor of 21 and o.
21
Suppose 4*q + 162 = -5*r, -4*r - q = q + 126. Let o = 12 - r. Calculate the greatest common factor of 28 and o.
14
Let o be (-72)/(-42) + 4/14. Calculate the greatest common divisor of 18 and o.
2
Let c(w) = 7*w**2 - w. Suppose 2*j = -2*i + i, -j = -3*i. Suppose i = 3*t - 5 - 4. Let h be c(t). What is the highest common divisor of 24 and h?
12
Suppose 12*q - 9*q = 36. Calculate the highest common factor of 6 and q.
6
Suppose 5*x + 2*w - 6*w - 500 = 0, -400 = -4*x + 4*w. Calculate the highest common factor of 40 and x.
20
Let v(j) = 4*j - 8. Let l be v(7). Let h = 12 - 8. What is the highest common divisor of l and h?
4
Let v(j) = -j**2 - 10*j - 6. Let g(w) = -w**2 - 11*w - 6. Let r(l) = -2*g(l) + 3*v(l). Let k be r(-4). Calculate the highest common divisor of k and 70.
10
Suppose -4*i = 9 + 51. Let d be (-1)/3 + (-290)/i. Calculate the greatest common factor of 19 and d.
19
Let z = -36 + -5. Let s = z + 95. Suppose 18*l - 22*l = -24. What is the highest common factor of l and s?
6
Let m be (20 - 2) + (-2)/4*-2. Let k(n) = -3*n - 5*n**2 + 4*n**2 + 4*n**2 - 3. Let z be k(-4). Calculate the greatest common divisor of z and m.
19
Suppose 2*c + 2*c - 1188 = 0. Suppose 2*p - 5*p = -c. Suppose -o - 3 = -d - 4*o, 4*d - 46 = 5*o. Calculate the highest common factor of p and d.
9
Suppose -17 = 5*n - 22. Suppose 0 = -4*v - 0*v + 4. What is the highest common factor of v and n?
1
Suppose 0 = -2*p - 27 + 75. Let v be (2 - (-1)/(-1)) + 2. Calculate the greatest common divisor of v and p.
3
Let a(z) = 11 - z - 4 + 0*z. Let t be a(3). Calculate the highest common divisor of t and 2.
2
Let i(c) = c**3 - 4*c**2 - 3. Let y be i(4). Let r be 10 - (-2 + (-3 - -6)). Let g = r + y. What is the highest common factor of 18 and g?
6
Suppose 0 = 4*y - 2*y - 44. Let v = y + -13. Let f be v - 2/(-2 + 4). Calculate the highest common divisor of 88 and f.
8
Suppose -2*g = -l + 34, 5*g = -4*l + 6*l - 73. Suppose 9*u - 15*u + 18 = 0. What is the highest common divisor of u and l?
3
Suppose -2 + 3 = -t. Let v = t - -8. Let h(s) = s**2 - s + 49. Let j be h(0). Calculate the highest common factor of v and j.
7
Suppose -d - 3*d + 48 = 0. Let c(f) = -109*f - 1. Let t be c(-1). Calculate the greatest common divisor of t and d.
12
Let d be (81/(-45))/(6/(-20)). Calculate the greatest common divisor of d and 6.
6
Let j = 15 + -13. Suppose j*u + 2*v = v + 84, -168 = -4*u + 3*v. Calculate the greatest common divisor of 6 and u.
6
Suppose 0 = -6*i + 3*i + 6. Let o be (i - 57)/(2/(-4)). Let p = 45 + -1. Calculate the greatest common factor of p and o.
22
Suppose 6*j + 58 = 178. Calculate the greatest common divisor of j and 220.
20
Suppose 3*t - 4 - 1 = 5*j, 0 = 3*t + 4*j - 50. Let u(r) = r**2 + 5. Let z be u(5). What is the highest common divisor of t and z?
10
Suppose 2*k + 1 - 11 = 0. Suppose -d - d = 5*x - 58, -5*d + 55 = k*x. Let w = 12 - -120. What is the highest common divisor of x and w?
12
Let a be (-4)/(-1) - (2 + -2). Let i(j) = j**2 - 2*j - 1. Let x be i(a). Suppose -4*g = -422 + 114. What is the greatest common factor of g and x?
7
Let b = 18 + 6. 